 What are the prime factors of n?
2, 3
Let w be 1*(0 - 2 - -2). Suppose w = 5*b - b - 20. Suppose -5*k + 4*a = -38, -3 - 2 = -2*k + b*a. What are the prime factors of k?
2, 5
Suppose 87 = -5*w + 17. Suppose -r + 123 = 5*o, -3 = 2*o + 3*r - 60. Let h = w + o. List the prime factors of h.
2, 5
Let i(c) = 0*c + 3 + 2*c - c**2 + 3 + 4*c. Let n = 13 - 8. List the prime factors of i(n).
11
Let a be 4/8*-6 + 0. Let o(u) = -2*u + 3. Let t(p) = -p + 4. Let q(v) = 3*o(v) - 2*t(v). What are the prime factors of q(a)?
13
Let c be (4 - 1)/(-3) + 3. Suppose c*z = z + 13. What are the prime factors of z?
13
Suppose 3*a + 5 = -22. Let s = 7 - a. List the prime factors of s.
2
Let s be 1*24 - 1*2. Let v be s + 0 + 2 - 0. Suppose n - v = -2*n. What are the prime factors of n?
2
Suppose -9*w + 2086 = 5*w. List the prime factors of w.
149
Suppose -19*k + 13*k + 2058 = 0. What are the prime factors of k?
7
Suppose 13 = -3*h - 5*n, 0 = 5*h - 2*h - 5*n - 37. Let p(o) = 6 - o - h - 3 + 6. List the prime factors of p(-4).
3
Suppose 10 = 5*m - 5. Let f(y) = y**3 - 2*y**2 - y - 3. Let t be f(m). Suppose -x - x - 20 = -k, t*k = 2*x + 40. List the prime factors of k.
2, 5
Let d(c) = -12*c - 4. Let i(h) = 25*h + 8. Let q(m) = 5*d(m) + 2*i(m). Let s(z) = 7*z + 3. Let l(y) = -5*q(y) - 7*s(y). List the prime factors of l(6).
5
Suppose -o - 6 = -5*v, -2*o + 0*o - 2 = -5*v. Let z = v - -2. What are the prime factors of z?
2
Let c be (-1764)/(-20) - (-2)/(-10). Suppose -c - 17 = -3*m. List the prime factors of m.
5, 7
Suppose 3*u = -2*u, -2*x + 4*u + 30 = 0. List the prime factors of x.
3, 5
Let r(a) = -5*a**2 + 17*a. Let s(b) = -9*b**2 + 34*b. Let c(v) = -7*r(v) + 4*s(v). List the prime factors of c(13).
2, 13
Let b(s) = -1 - s + s - s. What are the prime factors of b(-8)?
7
Suppose -133 = -2*l + 21. List the prime factors of l.
7, 11
Let y be 6 + -2 - (-3)/3. Suppose -4*p = y*k - 77, p - 75 = -5*k - 4*p. List the prime factors of k.
17
Suppose 5*f + 5*s = 80, -4*f = 2*s + s - 66. What are the prime factors of f?
2, 3
Let l = 8 + -23. Let q = l + 32. List the prime factors of q.
17
List the prime factors of 2 + (-1105)/(-15) - (-2)/6.
2, 19
Let o(a) = 3*a - 4. Let l be o(-4). List the prime factors of l/10*105/(-14).
2, 3
Suppose -10 = -i + 5*p, 7*i = 2*i - 2*p + 23. Let m = 8 + i. List the prime factors of m.
13
Let g(i) = 16*i + 12. Let r be g(9). Suppose 41 + 3 = w - 2*m, -r = -4*w + 4*m. List the prime factors of w.
2, 17
Let q(l) = -16*l**2 + 18*l**2 - 5*l + 5 + 3*l. What are the prime factors of q(-4)?
3, 5
Suppose 1 = -2*b + 21. Let g(r) = 4*r - 7. What are the prime factors of g(b)?
3, 11
Suppose 3*z + 695 = 3*u + 2*z, -4*u = z - 936. List the prime factors of u.
233
Let t be (4 - -1)*(-6)/(-6). Suppose -t*u + 34 = -y, -4*u + 18 = -2*y - 14. Suppose n = -2*n + u. List the prime factors of n.
2
What are the prime factors of (-418)/(-6) + (-6)/(-18)?
2, 5, 7
Suppose 96 - 264 = -4*i. List the prime factors of i.
2, 3, 7
Let z(x) be the second derivative of x**4/3 + x**3/2 + 3*x**2/2 - 7*x. What are the prime factors of z(-3)?
2, 3, 5
What are the prime factors of (-308)/(-8)*(12/4 + -1)?
7, 11
Let v = 10 - 5. Suppose 4*r - 4 = -6*x + 2*x, -x - 5*r + 5 = 0. Suppose v*y - 2*n - 52 = x, -y + 3*y + n - 19 = 0. List the prime factors of y.
2, 5
Suppose -4*t - 83 = -2*r - t, 5*r = -3*t + 218. List the prime factors of r.
43
List the prime factors of ((-153)/6)/((-4)/8).
3, 17
Let i(b) = b**3 - 7*b**2 + 7*b - 7. Let m be i(6). Let w be (m - 0)*9/(-3). Let r(t) = t**3 - 2*t**2 + 2*t - 3. List the prime factors of r(w).
2, 3
Let h(c) = 0 - 15*c + 4*c - c**2 + 14. What are the prime factors of h(-10)?
2, 3
Suppose -3*p + 5*l = -358, 5*l + 10 = -0. List the prime factors of p.
2, 29
Suppose u + 2 = -2, -2*k + 3*u = -16. Suppose -k = -2*z + 8. Suppose -2*c - q + 17 = 0, 0 = -z*c + q - 2*q + 38. List the prime factors of c.
7
Suppose -t - 2 = -9. Let q = -5 + t. What are the prime factors of q/((-48)/(-22) + -2)?
11
Let y(k) = k**2 - k - 4. Let u(i) = -i**3 - 11*i**2 + 12*i. Let r be u(-12). Suppose r = -4*l + 3 - 15. What are the prime factors of y(l)?
2
Suppose 0*v - 321 = v. Let x be v/(-15) + (-6)/15. List the prime factors of (4/3 - 1)*x.
7
Let f be 1/4 - 21/4. Let a be (-7 - 3)*(-2)/f. What are the prime factors of a/18 - (-145)/45?
3
List the prime factors of 774/(-12)*4/(-6).
43
Suppose -24 = -3*g + 5*q, -q = -0*g + 3*g - 6. Suppose 46 = g*r + 4. List the prime factors of r.
2, 7
Suppose 5*k = 3*y + 48, 3*y - 2*k + 39 = -0*y. Let c(g) be the third derivative of -g**4/24 - 5*g**3/6 - 4*g**2. List the prime factors of c(y).
2, 3
Suppose 3*r - 4 = 2. List the prime factors of (23 + -1)/r + -1.
2, 5
Let q = 3 - 3. Let c be q - (1 - (3 + -2)). Suppose c = 6*t - t - 45. List the prime factors of t.
3
Suppose -636 = -13*r + r. What are the prime factors of r?
53
Suppose -5*o = -2*o - 135. What are the prime factors of 27/o*(1 - -34)?
3, 7
Suppose -5*t - 6 = 9. Let l = t + 5. List the prime factors of l.
2
Let j = 18 + 1. List the prime factors of j.
19
List the prime factors of (3 + -3 + -27)*-1.
3
Suppose -4*j = 40 - 16. Let x = j - -33. What are the prime factors of x?
3
Suppose 0 = -d + 5*o + 3, -5*o = -5*d + 6 + 9. Suppose 0*v + 6 = d*v + 2*u, -5*v = -2*u - 26. Suppose -4*k + v = -3*k. What are the prime factors of k?
2
What are the prime factors of ((-32)/12)/(2/(-3))?
2
Suppose -5*t - 43 = -4*x - 288, -2*t - x + 98 = 0. Suppose t + 49 = j. What are the prime factors of (-6)/(-9) - j/(-6)?
17
Let t(x) = -55*x + 2. What are the prime factors of t(-2)?
2, 7
Let l(x) = -x + 6. Let c be l(8). Let w = 17 + -5. What are the prime factors of w + -3 - 6/c?
2, 3
Let u = 2 - -9. What are the prime factors of u?
11
Let s(r) = -r**2 - 12*r - 4. Let h be s(-12). Let q(d) = -1 + 2*d - 5*d + 2*d. List the prime factors of q(h).
3
Let h(c) = -c**3 + 22*c**2 + 28*c - 43. List the prime factors of h(23).
2, 3
Suppose 4*x + 36 = -0*x. Let h(c) = -c - 8. Let a be h(x). List the prime factors of -14*(a/(-2) + 0).
7
What are the prime factors of 34/1 - (4 - 4)?
2, 17
Suppose -5*r = y - 15, 4*r + 3*y - 14 + 2 = 0. Let f = r + 13. List the prime factors of f.
2
Suppose 3*s - 6 - 21 = -5*w, -s - 3*w = -5. What are the prime factors of s?
2, 7
Let d = 0 - 0. Let b be (5 + -1)/(2 + d). Suppose 2*z + 5*v = 13, 3*v = -b*z + 6*z - 91. List the prime factors of z.
19
Suppose 2 = 4*o - 6*o. What are the prime factors of (-6 - 16)/(1/o)?
2, 11
List the prime factors of ((-5)/10)/((-1)/118).
59
Let t be ((-10)/3)/((-2)/3). Let j = t + -1. List the prime factors of j.
2
List the prime factors of (25/(-4))/(2 + (-125)/60).
3, 5
Suppose -5*q - 2 = 4*h - 12, -5*h = 0. Suppose -5*d = 25, -4*n + 0*n = -q*d - 18. List the prime factors of n.
2
Suppose 8 = 5*n - 37. Let b = n + 21. What are the prime factors of b?
2, 3, 5
List the prime factors of -5*(-4 + -2*6).
2, 5
Let i = 72 + 17. What are the prime factors of i?
89
Suppose -14 = -3*r + 4. Suppose 0 = 2*l - r*l. Suppose -j - 3*j + 5*k = -13, l = -k + 3. What are the prime factors of j?
7
Let o(g) = -g**2 + 6*g + 29. What are the prime factors of o(8)?
13
Suppose 2*k + 4*h - 6 = 0, -h + 4*h + 2 = 5*k. Let d(g) be the third derivative of 3*g**5/20 + g**4/24 - 2*g**2. List the prime factors of d(k).
2, 5
Suppose -4*i + 2*k = -284, k + k = -4*i + 284. Suppose c + i = 2*r, c + 73 = 2*r + 2*c. What are the prime factors of r?
2, 3
Let t = 6 + -4. Let g = 4 - 0. Suppose -g*o - 4 = -3*o - 4*u, 0 = -2*o - t*u + 12. What are the prime factors of o?
2
What are the prime factors of 6/((-2)/(-32)*6)?
2
Let l(i) = -i**2 + i. Let c be l(0). Suppose -3*m + 4*p + c*p = -20, -m = -p - 5. Suppose j + 0*j - 12 = m. What are the prime factors of j?
2, 3
Suppose -2*z = -565 + 23. List the prime factors of z.
271
List the prime factors of (2 + -25)*(-14 - -4).
2, 5, 23
Let s be (0/(2*-1))/1. Suppose s = q - 2 - 0. What are the prime factors of q?
2
Suppose 6*s + 3 = -3. List the prime factors of ((-19)/(4/4))/s.
19
Suppose -2*l = l + 6. What are the prime factors of (-146)/(-10) - l/5?
3, 5
Suppose 145 = 5*l - 200. List the prime factors of l.
3, 23
Suppose 144 = 5*z - z. What are the prime factors of z?
2, 3
Suppose -3*a + 159 = 27. Suppose 4*x = -2*f + 19 - 93, -4*x + 4*f - a = 0. L